
-6d5d (base 15) to base 5
-1221023
-1675 (base 9) to base 4
-110003
-20031 (base 4) to base 15
-250
What is 27c (base 15) in base 11?
476
Convert 6748 (base 14) to base 4.
10113230
Convert 217 (base 12) to base 6.
1231
Convert 10418 (base 9) to base 3.
100110122
What is -288 (base 9) in base 6?
-1042
-163 (base 14) to base 15
-13d
What is 187 (base 10) in base 5?
1222
Convert 212 (base 6) to base 9.
88
123 (base 8) to base 6
215
What is 2275 (base 10) in base 15?
a1a
-5a41 (base 15) to base 4
-10223302
What is -410333 (base 5) in base 3?
-200010120
What is -156c (base 13) in base 12?
-1990
What is -3038 (base 9) in base 8?
-4256
What is -2035 (base 10) in base 2?
-11111110011
What is 2122111010 (base 3) in base 4?
30232101
Convert -212020222 (base 3) to base 7.
-100301
What is 179 (base 11) in base 9?
250
Convert a38 (base 11) to base 9.
1640
What is 32522 (base 7) in base 11?
613a
Convert -6bc (base 13) to base 15.
-52e
Convert 40111 (base 5) to base 15.
b3b
-113 (base 13) to base 11
-159
What is -175 (base 11) in base 5?
-1303
What is 21a (base 12) in base 13?
1ab
What is -231 (base 4) in base 5?
-140
Convert 560 (base 11) to base 16.
29f
Convert 798 (base 15) to base 9.
2318
What is -1021000000 (base 3) in base 12?
-12416
Convert -15357 (base 10) to base 9.
-23053
Convert -33606 (base 9) to base 8.
-53532
What is 5344 (base 7) in base 12?
111a
What is -8482 (base 9) in base 5?
-144410
-120 (base 14) to base 11
-194
Convert -1334340 (base 5) to base 8.
-65516
-86 (base 11) to base 16
-5e
What is -10676 (base 8) in base 16?
-11be
Convert -11101101 (base 2) to base 16.
-ed
What is 1a772 (base 12) in base 8?
114306
Convert 1510 (base 8) to base 12.
5a0
-4b2 (base 15) to base 12
-74b
What is 16565 (base 8) in base 9?
11308
Convert -78c (base 13) to base 15.
-5b9
What is -320e (base 16) in base 3?
-122120121
Convert 239 (base 15) to base 8.
770
Convert 25b (base 14) to base 12.
335
Convert -100221 (base 3) to base 11.
-224
Convert -2534 (base 9) to base 16.
-766
-1302103 (base 4) to base 10
-7315
Convert 20200010 (base 3) to base 16.
12ff
What is -417 (base 16) in base 6?
-4503
What is 54d (base 14) in base 12?
735
What is 320 (base 13) in base 3?
201202
What is -103122 (base 5) in base 10?
-3537
Convert 10000 (base 5) to base 14.
329
784e (base 15) to base 13
b7b6
What is -17c (base 16) in base 5?
-3010
What is -6654 (base 7) in base 2?
-100101010111
What is 10c (base 16) in base 4?
10030
Convert 8bc8 (base 14) to base 11.
17277
What is -2108 (base 11) in base 15?
-c61
Convert c71 (base 13) to base 15.
965
Convert 122224 (base 6) to base 14.
3d7a
-33035 (base 6) to base 3
-20020212
Convert b068 (base 14) to base 11.
20824
What is -96 (base 14) in base 7?
-246
-275 (base 16) to base 6
-2525
Convert 5555 (base 7) to base 9.
2662
Convert -2e39 (base 16) to base 2.
-10111000111001
111201 (base 4) to base 9
1800
Convert -51a (base 14) to base 13.
-5c3
111000000 (base 2) to base 8
700
What is -3123 (base 12) in base 10?
-5355
What is -502 (base 10) in base 9?
-617
Convert -1150c (base 13) to base 4.
-13231333
What is -1a7d7 (base 14) in base 16?
-10759
Convert -12a6 (base 11) to base 9.
-2276
Convert 3c7a (base 15) to base 2.
11001010001100
Convert 2d8 (base 14) to base 15.
28c
Convert 15321 (base 6) to base 15.
b17
Convert 101102 (base 3) to base 10.
281
1100011100100010 (base 2) to base 11
35334
What is -4144 (base 5) in base 12?
-399
What is -111100111 (base 2) in base 11?
-403
What is 6893 (base 11) in base 13?
4178
What is -27d (base 14) in base 6?
-2155
Convert 12033 (base 4) to base 8.
617
What is -10032 (base 8) in base 7?
-15006
Convert -10a1 (base 16) to base 15.
-13dc
1472 (base 8) to base 4
30322
-1112200 (base 3) to base 4
-101211
45a (base 11) to base 2
1000100101
Convert 600 (base 14) to base 11.
97a
What is -696d (base 16) in base 6?
-324541
What is 14c (base 13) in base 16?
e9
40461 (base 8) to base 6
205133
Convert -34503 (base 9) to base 7.
-124035
What is -23132110 (base 4) in base 7?
-254005
Convert 145050 (base 7) to base 10.
28161
967 (base 11) to base 16
48a
-109b (base 12) to base 7
-5246
What is 9a14 (base 11) in base 5?
410304
What is -1002202 (base 3) in base 13?
-49a
-6e3 (base 15) to base 4
-120123
544 (base 10) to base 15
264
What is -210113 (base 4) in base 12?
-141b
51142 (base 6) to base 12
3ab2
-220201 (base 3) to base 11
-557
What is -6df (base 16) in base 12?
-1027
Convert 283 (base 13) to base 10.
445
Convert -e17 (base 15) to base 5.
-100142
35024 (base 7) to base 10
8936
What is -b54d (base 16) in base 4?
-23111031
Convert -1152 (base 6) to base 2.
-100011100
-3713 (base 8) to base 3
-2201220
What is 3ecb (base 16) in base 3?
211001101
167 (base 9) to base 2
10001110
2c2 (base 15) to base 16
278
-700 (base 15) to base 13
-942
-60753 (base 9) to base 15
-bca6
What is -61442 (base 8) in base 6?
-313254
2052 (base 7) to base 3
222210
Convert -55101 (base 7) to base 13.
-6363
Convert 8ba5 (base 12) to base 2.
11110010101101
Convert -100112111 (base 3) to base 9.
-10474
Convert -3221 (base 7) to base 12.
-7b2
What is -110210 (base 5) in base 3?
-12012221
Convert 21022 (base 7) to base 9.
7064
What is -5194 (base 16) in base 2?
-101000110010100
Convert 14100 (base 7) to base 16.
eee
34360 (base 10) to base 13
12841
What is -12103 (base 6) in base 14?
-903
16466 (base 7) to base 10
4703
-337 (base 10) to base 12
-241
355 (base 12) to base 4
13301
Convert 565 (base 10) to base 2.
1000110101
84 (base 16) to base 8
204
Convert 1002001 (base 3) to base 2.
1100010000
-1cee (base 15) to base 8
-14233
1100111010 (base 2) to base 4
30322
What is -20022 (base 3) in base 2?
-10101010
-34431 (base 6) to base 16
-1333
What is -20011 (base 4) in base 3?
-201011
Convert -320022 (base 4) to base 15.
-10e9
What is -29b (base 12) in base 11?
-340
-4836 (base 15) to base 3
-210001120
What is 10011 (base 5) in base 2?
1001110111
133222 (base 6) to base 16
306e
4357 (base 10) to base 4
1010011
Convert -2dc (base 14) to base 11.
-493
What is -b (base 12) in base 9?
-12
Convert a35 (base 14) to base 5.
31012
What is c98 (base 16) in base 14?
1264
Convert -1100001111111 (base 2) to base 10.
-6271
-39 (base 13) to base 12
-40
What is 582 (base 12) in base 4?
30302
What is 14 (base 11) in base 14?
11
Convert 602 (base 7) to base 15.
14b
Convert 8b5b (base 15) to base 16.
7379
Convert -311 (base 10) to base 2.
-100110111
What is 106 (base 16) in base 15?
127
Convert -1324 (base 5) to base 12.
-15a
Convert -36 (base 14) to base 10.
-48
12202000 (base 3) to base 8
10131
Convert -12155 (base 6) to base 7.
-5150
What is 13cd (base 15) in base 16?
1093
What is -1101010010100011 (base 2) in base 8?
-152243
1510 (base 8) to base 14
440
-8ba (base 13) to base 4
-113201
1433 (base 12) to base 7
6555
Convert -6172 (base 12) to base 9.
-15475
-2de3 (base 16) to base 8
-26743
Convert 43cd (base 16) to base 15.
5222
354 (base 13) to base 7
1452
What is 1111021 (base 3) in base 4?
100333
What is -41214 (base 5) in base 14?
-d9a
11100000100 (base 2) to base 14
924
What is -641 (base 12) in base 11?
-760
100011111 (base 3) to base 7
25324
What is 1884 (base 16) in base 3?
22121110
Convert -32741 (base 9) to base 14.
-7cd3
Convert 106246 (base 7) to base 4.
10220311
-9a0 (base 11) to base 5
-14244
-287 (base 16) to base 5
-10042
Convert -17077 (base 11) to base 8.
-56752
What is -102010 (base 3) in base 12?
-210
What is -1378 (base 12) in base 16?
-8cc
What is -2988 (base 12) in base 13?
-2297
Convert -10010100 (base 4) to base 5.
-1013111
-13012 (base 4) to base 15
-204
-58e (base 15) to base 11
-a45
Convert 23312 (base 4) to base 8.
1366
Convert 4645 (base 9) to base 4.
311303
686 (base 13) to base 8
2144
What is -510 (base 8) in base 10?
-328
What is -a54 (base 16) in base 7?
-10465
4024 (base 8) to base 9
2747
What is 3131 (base 12) in base 15?
18ca
What is -1616 (base 7) in base 6?
-3002
What is -12226 (base 8) in base 15?
-1865
What is 2e21 (base 16) in base 14?
4437
-32032 (base 5) to base 6
-13530
Convert -78 (base 12) to base 8.
-134
What is b20a (base 15) in base 14?
d9a9
Convert -493b (base 13) to base 16.
-2877
-1510 (base 6) to base 11
-336
-162024 (base 7) to base 12
-16579
What is 63570 (base 8) in base 13?
c097
Convert ac6 (base 15) to bas